7856372 and 24336.
6084
Calculate the greatest common divisor of 50592 and 191580.
372
Calculate the greatest common factor of 14768 and 1826448.
208
Calculate the greatest common divisor of 37011377 and 923.
923
What is the highest common factor of 5990 and 21495115?
2995
Calculate the highest common divisor of 5959382 and 1206.
134
Calculate the highest common divisor of 1554 and 76041660.
222
What is the highest common divisor of 13708980 and 13140?
180
What is the highest common factor of 181951822 and 9992?
2498
What is the greatest common divisor of 4145 and 4155?
5
Calculate the highest common divisor of 1540 and 18072120.
220
Calculate the greatest common divisor of 277461849 and 21.
21
Calculate the greatest common factor of 14096 and 42167303.
881
What is the highest common divisor of 18 and 54930654?
18
Calculate the highest common factor of 515964 and 3952.
76
Calculate the highest common divisor of 412 and 661836388.
412
What is the highest common factor of 925393 and 3395?
7
What is the highest common divisor of 623 and 17592113?
7
Calculate the greatest common divisor of 14 and 98663376.
14
What is the highest common factor of 1180 and 290685?
5
Calculate the highest common factor of 1584338 and 1022.
14
Calculate the greatest common factor of 430144 and 148928.
832
Calculate the highest common divisor of 22765 and 40820.
785
Calculate the greatest common divisor of 18078 and 4670412.
786
Calculate the highest common factor of 112295 and 1459228.
607
What is the greatest common factor of 692501121 and 116?
29
Calculate the greatest common divisor of 1231637692 and 22712.
11356
What is the greatest common factor of 159 and 32034?
3
Calculate the greatest common divisor of 1482 and 28327962.
78
Calculate the greatest common divisor of 8117986 and 19242.
2138
What is the highest common factor of 6435 and 329985?
45
Calculate the highest common factor of 17368420 and 2139640.
7180
Calculate the greatest common factor of 71305 and 71747.
13
What is the highest common divisor of 1496016 and 288?
144
Calculate the greatest common divisor of 812 and 14365904.
812
What is the highest common divisor of 9330596 and 44?
44
What is the greatest common factor of 87048 and 284661?
351
Calculate the greatest common factor of 281628 and 8406.
18
What is the highest common factor of 15682191 and 13209?
777
What is the greatest common factor of 12584223 and 9?
9
Calculate the greatest common divisor of 18191190 and 68.
34
What is the highest common divisor of 9357593 and 21?
7
What is the greatest common factor of 16 and 3360822?
2
Calculate the greatest common divisor of 14210 and 3418810.
290
Calculate the greatest common divisor of 170 and 2777730.
10
Calculate the greatest common divisor of 800 and 2569824.
32
What is the highest common factor of 182 and 230262?
2
Calculate the greatest common divisor of 12231 and 112038678.
1359
What is the highest common factor of 1320 and 623460?
60
Calculate the highest common divisor of 781444 and 1848892.
2252
Calculate the highest common divisor of 1037110 and 2257.
37
Calculate the greatest common factor of 58292 and 77558.
494
What is the highest common factor of 744 and 733737?
3
Calculate the highest common factor of 2270944594 and 2966.
2966
Calculate the greatest common factor of 392 and 165473588.
196
What is the highest common factor of 2637320 and 840?
280
What is the greatest common divisor of 233216 and 59264?
128
What is the highest common factor of 282814660 and 30?
10
Calculate the highest common factor of 2709657174 and 84.
42
Calculate the highest common divisor of 517925 and 114925.
25
What is the highest common factor of 56281197 and 5607?
1869
What is the highest common divisor of 307120 and 1293743?
3839
What is the highest common factor of 47 and 1303410533?
47
Calculate the highest common divisor of 1243 and 41174827.
113
Calculate the highest common factor of 795328 and 172.
172
What is the highest common divisor of 67 and 23352649?
67
What is the highest common divisor of 6827 and 140711297?
6827
Calculate the highest common factor of 36203 and 157174.
883
What is the greatest common factor of 248172 and 112104?
12
What is the highest common divisor of 212 and 16519?
1
Calculate the greatest common factor of 11193218 and 7469.
97
Calculate the highest common factor of 35 and 522947565.
35
What is the highest common divisor of 7021 and 599641?
119
Calculate the greatest common divisor of 15 and 3759725.
5
Calculate the highest common divisor of 19533 and 19635.
51
What is the highest common divisor of 91317 and 6771?
183
What is the greatest common divisor of 1815 and 1093840?
605
What is the highest common factor of 54324063 and 3033?
3033
Calculate the greatest common factor of 1493296 and 23450.
938
Calculate the greatest common divisor of 5312245 and 221.
17
Calculate the greatest common factor of 8718 and 3918.
6
What is the greatest common factor of 1062224 and 1261588?
788
What is the greatest common factor of 447950 and 46325?
425
What is the greatest common factor of 931352 and 18424?
376
Calculate the greatest common factor of 921875 and 772900.
1475
Calculate the highest common factor of 1628 and 1820.
4
What is the highest common divisor of 263918730 and 90?
30
Calculate the greatest common factor of 274927895 and 55.
55
What is the highest common divisor of 410603965 and 10299?
3433
What is the highest common factor of 104598420 and 24?
12
Calculate the highest common factor of 3417480 and 160.
40
What is the greatest common divisor of 14040 and 50994?
18
What is the greatest common factor of 7376 and 156?
4
Calculate the highest common divisor of 97310581 and 130665.
8711
Calculate the greatest common factor of 238323 and 29019.
51
Calculate the highest common divisor of 314 and 118476125.
157
Calculate the highest common factor of 32137 and 215496949.
4591
What is the greatest common divisor of 2108 and 5346415?
527
What is the highest common divisor of 490464 and 741312?
3744
What is the highest common divisor of 34456 and 1096?
8
Calculate the highest common divisor of 154325902 and 13146.
626
What is the greatest common divisor of 780 and 16587220?
260
What is the highest common factor of 3045 and 65451260?
1015
What is the highest common divisor of 3583920 and 372780?
6540
What is the greatest common divisor of 7 and 10934357?
7
What is the greatest common factor of 4043461 and 205?
41
Calculate the highest common divisor of 19 and 4559981.
19
Calculate the greatest common factor of 1027521404 and 8726.
8726
Calculate the highest common factor of 121 and 19184462.
11
What is the greatest common divisor of 18193 and 160793?
23
Calculate the greatest common divisor of 116 and 899357512.
116
What is the greatest common factor of 5840 and 9406780?
1460
Calculate the greatest common factor of 1006616176 and 2512.
2512
What is the highest common divisor of 569600 and 1092475?
2225
What is the highest common factor of 24 and 5205369?
3
Calculate the highest common factor of 1705124 and 2108.
124
Calculate the greatest common divisor of 65636972 and 8.
4
What is the highest common divisor of 1103965 and 10?
5
What is the greatest common divisor of 850 and 10018450?
50
Calculate the highest common divisor of 384552770 and 14.
14
What is the highest common divisor of 116913815 and 5?
5
What is the greatest common factor of 513 and 6509210?
19
What is the greatest common divisor of 78146637 and 51?
51
Calculate the highest common factor of 2193816 and 28.
4
What is the greatest common factor of 38729886 and 234?
78
Calculate the highest common factor of 299455 and 48685.
65
Calculate the highest common divisor of 898176 and 216576.
384
Calculate the greatest common factor of 6487238 and 1928.
482
Calculate the greatest common factor of 1873677632 and 1888.
1888
Calculate the greatest common factor of 13290 and 3864732.
2658
What is the highest common divisor of 286566 and 462?
42
Calculate the greatest common divisor of 12165 and 118173243.
2433
Calculate the greatest common factor of 14 and 214847381.
7
What is the highest common factor of 26936034 and 4986?
1662
Calculate the greatest common divisor of 130451 and 327021.
1787
What is the highest common factor of 662